ppose -7714 - 4886 = -20*k. Suppose -6 = -8*t - 6. Suppose 4*o - 2*s - 840 = t, 3*o = s + 3*s + k. What is the units digit of o?
0
Let i be 194/(-1)*1*6/(-4). Suppose 9*n = 6*n + i. What is the tens digit of n?
9
Suppose 0 = 5*k + 6 - 1, 2*q = k + 911. Let c be 8/(-36)*-1 - 129/(-27). Suppose -c*r - q = -1575. What is the hundreds digit of r?
2
Let h be (-2)/7 + (-1)/(21/(-6)). What is the hundreds digit of (h + -3)*704/(-8)?
2
Let k = -664 - -231. Suppose 0 = -j + 5*j + 1188. Let y = j - k. What is the hundreds digit of y?
1
Let x(c) = -3132*c**3 - 3*c**2 - 5*c - 2. Let d be x(-1). Suppose 0 = 355*s - 361*s + d. What is the hundreds digit of s?
5
Let g(s) = 20*s**3 - 59*s**2 - 72*s + 7. Let b(i) = -9*i**3 + 30*i**2 + 36*i - 3. Let y(u) = 9*b(u) + 4*g(u). What is the thousands digit of y(34)?
1
Let w(g) = 2*g**3 + g**2 + 8*g + 343. Let v be w(0). Suppose -147 = -5*p + v. What is the tens digit of p?
9
Let n(f) = 55*f**3 + 33*f**2 - 537*f + 29. What is the units digit of n(12)?
7
Let l = -2337 - -2346. Let u = 879 + -394. Suppose -l*i + u = -4*i. What is the tens digit of i?
9
Let a = 54611 + -23516. What is the hundreds digit of a?
0
Let i(z) = z**3 + 2*z**2 - 4*z + 3. Let a(l) = l + 9. Let v be a(-8). Let m be i(v). Suppose 4*h = 12, m*s + 4*h = 2*h + 344. What is the units digit of s?
9
Suppose -n = -8*n. Let q(p) = 4*p + n*p**2 + 10*p**3 - 4*p**2 + 2 - p**2. What is the units digit of q(2)?
0
Suppose 0 = 40*w - 35*w + 15. What is the hundreds digit of 5/3 + -2 - 2257/w?
7
Let h(a) = a + 3. Let v be h(1). Suppose 9*y - 10*y = v. What is the tens digit of -1*(1 + y + -67 - -3)?
6
Let t(q) = -165*q**3 + 9*q**2 + 71*q + 238. What is the ten thousands digit of t(-6)?
3
Suppose 0 = -4*z - 2*v + 11884, -z = -5*v + 2*v - 2964. What is the thousands digit of z?
2
Let t be (930/(-12) + -2)*-10. Let u = t + -304. What is the tens digit of u?
9
Suppose -3*z + 4882 = 3*m - 3143, m + 8013 = 3*z. What is the tens digit of z?
7
Let a be ((-8)/4)/(-2) - 0. Let i be a/(1 + 2392/(-2396)). Suppose -4*s + 2*y + i = 3*y, 2*y - 602 = -4*s. What is the hundreds digit of s?
1
Let i = 22266 + -17686. What is the hundreds digit of i?
5
Let v(i) = 2*i**2 + 2*i - 7. Let f be v(-3). Let h(g) = -8 - 8*g - 2*g - f + 2*g. What is the tens digit of h(-9)?
5
Let v(p) = 2*p**2 - 14*p - 14. Let j be v(8). Suppose -i - 8*z + 13*z + 1331 = 0, -3*i = j*z - 3942. What is the hundreds digit of i?
3
What is the tens digit of (-1725689)/(-49) + ((-250)/(-210) - 2/6)?
1
Let i(f) = f**2 + 3*f - 39. Let g be i(6). Suppose 0 = -10*j + 15*j - g. Suppose -2*y - 2*y = -5*q - 658, -j*q = 5*y - 804. What is the units digit of y?
2
What is the tens digit of (-8940)/(-35)*(-455)/(-13)?
4
Let l = 22046 - 14702. What is the hundreds digit of l?
3
Suppose -2*z - 1442 = -5*k, 0*k + k = -2. Let u = 1473 + z. What is the hundreds digit of u?
7
Suppose 3*y - v = 7*y - 40, 0 = -3*y - 5*v + 30. Suppose -y*x + 9*x + 852 = 0. What is the hundreds digit of x?
8
Let v(y) = y - 25. Let c be v(19). What is the tens digit of 13/(-3) + 4 + (-242)/c?
4
Suppose 0 = 3*p + 201 - 9. Let k = 62 + p. What is the hundreds digit of (k*1)/(-2) - (-959)/7?
1
Suppose 0 = 13*j - 12*j - 5. Suppose 2*v + 22 = 3*z, -j*z = -9*v + 4*v - 45. Suppose z*r - 3*r + 540 = 4*i, -524 = -4*i + 5*r. What is the tens digit of i?
3
Let z(d) = d + 46. Let u(v) = -18*v + 122. Let j be u(8). What is the tens digit of z(j)?
2
Let s(w) = 4552*w**2 + 64*w - 192. What is the tens digit of s(3)?
6
Let i(k) = 188*k + 1. Let d be i(-2). Let j = d + 256. Let x = j - -224. What is the tens digit of x?
0
Let a(i) = i**3 + 23*i**2 + 8. Let t be a(-23). Suppose 6*n = t - 20. What is the hundreds digit of ((-25)/(-10))/(3/n)*-117?
1
Let d = 2167 - 1511. What is the tens digit of ((-10)/20)/((-2)/d)?
6
Suppose -4*v - 326 = -j + 541, -4*j = -5*v - 3435. Let t = j + -479. What is the hundreds digit of t?
3
Let d = 1 + 1. Suppose 0 = -9*c + 15*c - 144. Suppose -82 = -d*q - c. What is the tens digit of q?
2
Let s be (-22)/(-6) - 4/6. Suppose 9 = 4*x + 1. Suppose -2*l + x*i - s*i = -104, -5*l - 5*i + 250 = 0. What is the units digit of l?
4
What is the units digit of (4 + 5)/(-1)*(-142320)/144?
5
Let o(a) = 7*a**2 - 30*a + 14. Suppose -5*n - 37 + 102 = 0. What is the hundreds digit of o(n)?
8
Suppose 3369 = 12*j + 369. Let k = 357 - j. What is the units digit of k?
7
Suppose -185*p + 555234 = -127*p. What is the thousands digit of p?
9
Let y = 14207 - 9872. Suppose 11*u - 6*u = y. What is the tens digit of u?
6
Let a(c) = -c**2 - 9*c - 17. Let l be a(-5). Suppose 0 = -l*o + 87 + 36. Let r = o - 30. What is the tens digit of r?
1
Let o(u) = u**3 - 19*u**2 + 53*u - 10. What is the units digit of o(23)?
5
Let m(u) = -u + 15. Let z be m(7). Suppose 0 = -z*t + 2499 + 437. What is the tens digit of t?
6
Suppose 0 = -57*j + 2171931 - 946229 + 2970467. What is the ten thousands digit of j?
7
Let p = -190 + 195. Suppose 0*u + 441 = h + u, 0 = p*u - 15. What is the tens digit of h?
3
Suppose 600*i - 24722997 = 22095 + 3193908. What is the thousands digit of i?
6
Suppose -3*k - x = 1 - 6, 5*k = x + 19. Let n be k + 0 + -4 + (37 - -3). Let t = 49 - n. What is the units digit of t?
0
Let d(y) = 2*y**2 - 6*y - 96. Let w be d(-9). What is the units digit of ((-55)/(-2))/(6/w) - -5?
5
Suppose -2*i + 405 = c - 0*c, -i - 5 = 0. Let j = c + -260. Suppose s - j = 9. What is the tens digit of s?
6
What is the thousands digit of 8506 - (-14)/(((-30)/(-3))/5)?
8
What is the tens digit of -5 + 4228 + (9 - 17)?
1
Suppose 3057 = 5*s + 4*l, s + 12*l - 17*l = 623. Suppose 4*q + q - 2*u = 4343, 2*u = q - 875. Let p = q - s. What is the tens digit of p?
5
Let m(j) = j**2 - 7*j + 3. Let x be m(7). Let d(n) = -21*n + 53. Let s(h) = 11*h - 25. Let b(z) = 6*d(z) + 13*s(z). What is the tens digit of b(x)?
4
Suppose -7*j + 2772 + 16128 = 0. What is the hundreds digit of 1 - -4 - j/(-10)?
2
Suppose -2*y + 1642 = f - 5*f, -f + 3329 = 4*y. Let d = 1565 - y. What is the units digit of d?
4
Let j be (-107)/(-21) - (-20)/(-210). Let c(z) = 127*z + 36. What is the units digit of c(j)?
1
Suppose 4*q = -3*f + 28, 0 = 3*q - 5 - 7. Suppose 0 = 3*r - 2*v - 2329, 2*v + 931 = f*r - 2175. What is the units digit of r?
7
Let z be ((-740)/3)/(2/3 + -1). Suppose j + 2250 = 4*j + 3*l, 0 = j + 3*l - z. What is the units digit of j?
5
Let j(s) = -5*s**3 + 3*s**2 + 2*s + 8. Suppose 169*u - 20 = 174*u. What is the units digit of j(u)?
8
Let a(o) = 23*o**2 - 7*o + 77. What is the tens digit of a(6)?
6
Let v = -53 + 72. Suppose -v - 7 = -13*m. What is the tens digit of (-1644)/(-10) - m/5?
6
Let r = -8028 + 16345. What is the units digit of r?
7
Suppose -2*w - 32*w - 1054 = 0. What is the hundreds digit of (6/4)/(w/(-18228))?
8
Let f = 1941 - -13010. What is the ten thousands digit of f?
1
What is the units digit of 766*(8 - 0) - 5*-1?
3
Let l = -14048 + 23573. What is the tens digit of l?
2
Let u(z) = -20*z - 41. Let y be u(14). Let r = y + 683. What is the hundreds digit of r?
3
Let f = 47 + -40. Suppose -2*p = -8, -5*l - 2*p + f*p + 200 = 0. Let h = l + -20. What is the tens digit of h?
2
Suppose 4*o - 16 = -4. Let v(g) = 210*g**2 - 5*g + 12. What is the units digit of v(o)?
7
Suppose -10*g = -12*g + 120. Suppose 6*x = 900 - g. What is the units digit of x?
0
Let i be ((-10)/(-30))/(5/45). Suppose -193 = -i*l + 149. What is the units digit of l?
4
What is the hundreds digit of ((-24)/(-9))/(3 + (-40276)/13428)?
4
Suppose 9 = -h + 4*z, h + 5 = -4*z - 4. What is the units digit of 93104/207 - 2/h?
0
Suppose 144163 + 64409 = 39*n. What is the tens digit of n?
4
Let f = 2625 - 987. Suppose 7*k - f + 175 = 0. What is the units digit of k?
9
What is the hundreds digit of 13/(-104)*-12 + 169*(-218)/(-4)?
2
Let j = -205 + 427. Let x be 3*2*(j/4 + -7). Let z = x - 7. What is the tens digit of z?
8
Suppose 354 = 6*s - 432. Let c be 252/(-10)*20/6. Let y = c + s. What is the tens digit of y?
4
Suppose 4*q = -3736 + 11356. Suppose x - 440 - 31 = -t, -3*t - q = -4*x. What is the units digit of x?
4
Let f be 1/(10/56) + (-152)/(-380). What is the units digit of 1*f/(-18) + 1744/12?
5
Let y be (-10)/(-35) + (-205)/7. Let m = y + 41. Suppose -m*o + 10*o = -80. What is the units digit of o?
0
Let a(t) = -269*t - 83. What is the te